{"id":13,"date":"2026-04-20T13:58:40","date_gmt":"2026-04-20T13:58:40","guid":{"rendered":"https:\/\/www.newspace-factory.com\/?page_id=13"},"modified":"2026-04-20T14:22:39","modified_gmt":"2026-04-20T14:22:39","slug":"accueil","status":"publish","type":"page","link":"https:\/\/www.newspace-factory.com\/","title":{"rendered":"Accueil"},"content":{"rendered":"\t\t<div data-elementor-type=\"wp-page\" data-elementor-id=\"13\" class=\"elementor elementor-13\">\n\t\t\t\t\t\t<section class=\"elementor-section elementor-top-section elementor-element elementor-element-3198e8a2 elementor-section-full_width elementor-section-height-default elementor-section-height-default\" data-id=\"3198e8a2\" data-element_type=\"section\" data-e-type=\"section\">\n\t\t\t\t\t\t<div class=\"elementor-container elementor-column-gap-no\">\n\t\t\t\t\t<div class=\"elementor-column elementor-col-100 elementor-top-column elementor-element elementor-element-7ae21083\" data-id=\"7ae21083\" data-element_type=\"column\" data-e-type=\"column\" data-settings=\"{&quot;background_background&quot;:&quot;classic&quot;}\">\n\t\t\t<div class=\"elementor-widget-wrap elementor-element-populated\">\n\t\t\t\t\t\t<div class=\"elementor-element elementor-element-979dc0d elementor-widget elementor-widget-image\" data-id=\"979dc0d\" data-element_type=\"widget\" data-e-type=\"widget\" data-widget_type=\"image.default\">\n\t\t\t\t\t\t\t\t\t\t\t\t\t\t\t<img decoding=\"async\" src=\"https:\/\/www.newspace-factory.com\/wp-content\/uploads\/elementor\/thumbs\/newspacefactory_aerospacevalley_fond-sombre-CMJN-scaled-rmae1jt2ugaqoq811mbd35iprgtm88j2xt7oci0pyo.png\" title=\"newspacefactory_aerospacevalley_fond sombre CMJN\" alt=\"newspacefactory_aerospacevalley_fond sombre CMJN\" loading=\"lazy\" \/>\t\t\t\t\t\t\t\t\t\t\t\t\t\t\t<\/div>\n\t\t\t\t<section class=\"elementor-section elementor-inner-section elementor-element elementor-element-cbb5680 elementor-section-content-middle elementor-section-boxed elementor-section-height-default elementor-section-height-default\" data-id=\"cbb5680\" data-element_type=\"section\" data-e-type=\"section\">\n\t\t\t\t\t\t<div class=\"elementor-container elementor-column-gap-no\">\n\t\t\t\t\t<div class=\"elementor-column elementor-col-100 elementor-inner-column elementor-element elementor-element-28c205a\" data-id=\"28c205a\" data-element_type=\"column\" data-e-type=\"column\">\n\t\t\t<div class=\"elementor-widget-wrap\">\n\t\t\t\t\t\t\t<\/div>\n\t\t<\/div>\n\t\t\t\t\t<\/div>\n\t\t<\/section>\n\t\t\t\t<section class=\"elementor-section elementor-inner-section elementor-element elementor-element-13713ccc elementor-section-boxed elementor-section-height-default elementor-section-height-default\" data-id=\"13713ccc\" data-element_type=\"section\" data-e-type=\"section\">\n\t\t\t\t\t\t<div class=\"elementor-container elementor-column-gap-no\">\n\t\t\t\t\t<div class=\"elementor-column elementor-col-100 elementor-inner-column elementor-element elementor-element-32027f27\" data-id=\"32027f27\" data-element_type=\"column\" data-e-type=\"column\">\n\t\t\t<div class=\"elementor-widget-wrap elementor-element-populated\">\n\t\t\t\t\t\t<div class=\"elementor-element elementor-element-174beb24 elementor-invisible elementor-widget elementor-widget-heading\" data-id=\"174beb24\" data-element_type=\"widget\" data-e-type=\"widget\" data-settings=\"{&quot;_animation&quot;:&quot;fadeInDown&quot;}\" data-widget_type=\"heading.default\">\n\t\t\t\t\t<h2 class=\"elementor-heading-title elementor-size-default\">La marque NewSpace Factory laisse d\u00e9sormais place \u00e0 l\u2019offre d\u2019accompagnement \u00e0 l\u2019international du P\u00f4le <\/h2>\t\t\t\t<\/div>\n\t\t\t\t\t<\/div>\n\t\t<\/div>\n\t\t\t\t\t<\/div>\n\t\t<\/section>\n\t\t\t\t\t<\/div>\n\t\t<\/div>\n\t\t\t\t\t<\/div>\n\t\t<\/section>\n\t\t\t\t<section class=\"elementor-section elementor-top-section elementor-element elementor-element-2c4746eb elementor-section-full_width elementor-section-height-default elementor-section-height-default\" data-id=\"2c4746eb\" data-element_type=\"section\" data-e-type=\"section\">\n\t\t\t\t\t\t<div class=\"elementor-container elementor-column-gap-default\">\n\t\t\t\t\t<div class=\"elementor-column elementor-col-100 elementor-top-column elementor-element elementor-element-adf8271\" data-id=\"adf8271\" data-element_type=\"column\" data-e-type=\"column\">\n\t\t\t<div class=\"elementor-widget-wrap elementor-element-populated\">\n\t\t\t\t\t\t<section class=\"elementor-section elementor-inner-section elementor-element elementor-element-4a7b1d38 elementor-section-content-middle elementor-section-boxed elementor-section-height-default elementor-section-height-default\" data-id=\"4a7b1d38\" data-element_type=\"section\" data-e-type=\"section\">\n\t\t\t\t\t\t<div class=\"elementor-container elementor-column-gap-no\">\n\t\t\t\t\t<div class=\"elementor-column elementor-col-100 elementor-inner-column elementor-element elementor-element-57e336ed elementor-invisible\" data-id=\"57e336ed\" data-element_type=\"column\" data-e-type=\"column\" data-settings=\"{&quot;animation&quot;:&quot;fadeInLeft&quot;}\">\n\t\t\t<div class=\"elementor-widget-wrap elementor-element-populated\">\n\t\t\t\t\t\t\t\t\t\t<p class=\"e-8190c3f-1e35c73 e-paragraph-base\" data-interaction-id=\"8190c3f\"  >\n\t\t\t\t\t\t\t\tEn 8 ann\u00e9es d\u2019existence, NewSpace Factory (NSF) a accompagn\u00e9 jusqu\u2019\u00e0 13 talents fran\u00e7ais dans le d\u00e9veloppement du march\u00e9 du New Space, afin de valoriser leurs capacit\u00e9s industrielles, produits et expertises, h\u00e9rit\u00e9s de plus de 50 ans de R&amp;D fran\u00e7aise. Ayant pour objectif de leur faire gagner en visibilit\u00e9 pour conqu\u00e9rir de nouveaux march\u00e9s, le P\u00f4le a pilot\u00e9 un accompagnement \u00ab&nbsp;cl\u00e9 en main&nbsp;\u00bb \u00e0 l\u2019international en participant sous la banni\u00e8re commune NSF \u00e0 plus de 15 salons embl\u00e9matiques en Europe et aux USA. <br><br><strong>Aujourd\u2019hui, cet accompagnement prend une nouvelle orientation et se veut plus large afin de satisfaire le plus grand nombre de membres, car le march\u00e9 \u00e0 \u00e9volu\u00e9 et la pluralit\u00e9 des acteurs \u00e9galement. <\/strong><br><br>Ainsi, le P\u00f4le poursuit et structure ses actions&nbsp;\u00e0 l\u2019international&nbsp;dans son offre globale : participation \u00e0 des \u00e9v\u00e9nements de matchmaking, ing\u00e9nierie de formation, mises en contact qualifi\u00e9es, accueil de d\u00e9l\u00e9gations \u00e9trang\u00e8res, learning expedition\u2026. Nos experts sont \u00e0 votre \u00e9coute&nbsp;!\n\t\t\t\t\t<\/p>\n\t\t\t\t\t<\/div>\n\t\t<\/div>\n\t\t\t\t\t<\/div>\n\t\t<\/section>\n\t\t\t\t\t<\/div>\n\t\t<\/div>\n\t\t\t\t\t<\/div>\n\t\t<\/section>\n\t\t\t\t<section class=\"elementor-section elementor-top-section elementor-element elementor-element-522484e7 elementor-section-full_width elementor-section-height-default elementor-section-height-default\" data-id=\"522484e7\" data-element_type=\"section\" data-e-type=\"section\">\n\t\t\t\t\t\t<div class=\"elementor-container elementor-column-gap-no\">\n\t\t\t\t\t<div class=\"elementor-column elementor-col-100 elementor-top-column elementor-element elementor-element-1e303867\" data-id=\"1e303867\" data-element_type=\"column\" data-e-type=\"column\" data-settings=\"{&quot;background_background&quot;:&quot;classic&quot;}\">\n\t\t\t<div class=\"elementor-widget-wrap elementor-element-populated\">\n\t\t\t\t\t\t<section class=\"elementor-section elementor-inner-section elementor-element elementor-element-352028a elementor-section-boxed elementor-section-height-default elementor-section-height-default\" data-id=\"352028a\" data-element_type=\"section\" data-e-type=\"section\">\n\t\t\t\t\t\t<div class=\"elementor-container elementor-column-gap-no\">\n\t\t\t\t\t<div class=\"elementor-column elementor-col-100 elementor-inner-column elementor-element elementor-element-131dcc0\" data-id=\"131dcc0\" data-element_type=\"column\" data-e-type=\"column\">\n\t\t\t<div class=\"elementor-widget-wrap elementor-element-populated\">\n\t\t\t\t\t\t<div class=\"elementor-element elementor-element-4629f88 elementor-invisible elementor-widget elementor-widget-heading\" data-id=\"4629f88\" data-element_type=\"widget\" data-e-type=\"widget\" data-settings=\"{&quot;_animation&quot;:&quot;fadeInDown&quot;}\" data-widget_type=\"heading.default\">\n\t\t\t\t\t<h2 class=\"elementor-heading-title elementor-size-default\">Pour en savoir plus : <\/h2>\t\t\t\t<\/div>\n\t\t\t\t<div class=\"elementor-element elementor-element-396a439 elementor-widget__width-auto elementor-invisible elementor-widget elementor-widget-button\" data-id=\"396a439\" data-element_type=\"widget\" data-e-type=\"widget\" data-settings=\"{&quot;_animation&quot;:&quot;fadeInLeft&quot;}\" data-widget_type=\"button.default\">\n\t\t\t\t\t\t\t\t\t\t<a class=\"elementor-button elementor-button-link elementor-size-sm\" href=\"https:\/\/aerospace-valley.com\">\n\t\t\t\t\t\t<span class=\"elementor-button-content-wrapper\">\n\t\t\t\t\t\t\t\t\t<span class=\"elementor-button-text\">aerospace-valley.com<\/span>\n\t\t\t\t\t<\/span>\n\t\t\t\t\t<\/a>\n\t\t\t\t\t\t\t\t<\/div>\n\t\t\t\t\t<\/div>\n\t\t<\/div>\n\t\t\t\t\t<\/div>\n\t\t<\/section>\n\t\t\t\t\t<\/div>\n\t\t<\/div>\n\t\t\t\t\t<\/div>\n\t\t<\/section>\n\t\t\t\t<\/div>\n\t\t","protected":false},"excerpt":{"rendered":"<p>La marque NewSpace Factory laisse d\u00e9sormais place \u00e0 l\u2019offre d\u2019accompagnement \u00e0 l\u2019international du P\u00f4le En 8 ann\u00e9es d\u2019existence, NewSpace Factory (NSF) a accompagn\u00e9 jusqu\u2019\u00e0 13 talents fran\u00e7ais dans le d\u00e9veloppement du march\u00e9 du New Space, afin de valoriser leurs capacit\u00e9s industrielles, produits et expertises, h\u00e9rit\u00e9s de plus de 50 ans de R&amp;D fran\u00e7aise. Ayant pour [&hellip;]<\/p>\n","protected":false},"author":2,"featured_media":0,"parent":0,"menu_order":0,"comment_status":"closed","ping_status":"closed","template":"elementor_header_footer","meta":{"_eb_attr":"","footnotes":""},"class_list":["post-13","page","type-page","status-publish","hentry"],"_links":{"self":[{"href":"https:\/\/www.newspace-factory.com\/index.php\/wp-json\/wp\/v2\/pages\/13","targetHints":{"allow":["GET"]}}],"collection":[{"href":"https:\/\/www.newspace-factory.com\/index.php\/wp-json\/wp\/v2\/pages"}],"about":[{"href":"https:\/\/www.newspace-factory.com\/index.php\/wp-json\/wp\/v2\/types\/page"}],"author":[{"embeddable":true,"href":"https:\/\/www.newspace-factory.com\/index.php\/wp-json\/wp\/v2\/users\/2"}],"replies":[{"embeddable":true,"href":"https:\/\/www.newspace-factory.com\/index.php\/wp-json\/wp\/v2\/comments?post=13"}],"version-history":[{"count":11,"href":"https:\/\/www.newspace-factory.com\/index.php\/wp-json\/wp\/v2\/pages\/13\/revisions"}],"predecessor-version":[{"id":33,"href":"https:\/\/www.newspace-factory.com\/index.php\/wp-json\/wp\/v2\/pages\/13\/revisions\/33"}],"wp:attachment":[{"href":"https:\/\/www.newspace-factory.com\/index.php\/wp-json\/wp\/v2\/media?parent=13"}],"curies":[{"name":"wp","href":"https:\/\/api.w.org\/{rel}","templated":true}]}}